*f(x) - 5*s(x). Suppose 0 = -47*l + 265 - 735. Determine p(l).
-20
Let j(t) be the first derivative of 1/3*t**3 - 20 + 9/2*t**2 + 12*t. Let z = 10 - 18. Determine j(z).
4
Let g(j) = -j - 11. Let u be (-65)/5 + (11 - (-10 - -17)). Give g(u).
-2
Let y(g) be the second derivative of -g**5/20 + g**4/4 - g**3/3 - g**2/2 + 315*g. Let a be (-2)/7 - 46/(-14). Calculate y(a).
-7
Let x(v) be the second derivative of v**5/20 - 5*v**4/12 + v**3/2 + 3*v**2/2 + 20*v. Let w(z) = 32*z - 91. Let g be w(3). Give x(g).
18
Let x(f) be the first derivative of -f**4/4 - 3*f**3 + 9*f**2/2 - 15*f - 263. Let y be x(-10). Let a(g) = -2*g - 2. Determine a(y).
8
Let x(c) = c**2 - 7*c - 7. Suppose -22*o = 4*m - 25*o - 166, 3*o = -m + 34. Let a = 47 - m. Give x(a).
-7
Let x(v) = v**3 - 7*v**2 - v - 8. Let w be x(8). Let g(z) = -1 - 32*z + 3 + w*z. Determine g(-2).
-30
Let g(k) = -28 - 259*k**2 + 262*k**2 + k**3 + 59 - 10*k - 26. What is g(3)?
29
Let v(i) = -23 + 0*i**2 + i**2 + 815*i - 822*i + 85 - 55. Let g(y) = y**3 + y**2 - 4*y + 3. Let p be g(2). Determine v(p).
7
Suppose 5*v + 59 = 8*v + 5*k, 51 = 3*v - 3*k. Let h(q) = -2*q + 9 + v - 31. Let a be 1/(2 - (-22)/(-10)). Determine h(a).
6
Let h(f) be the first derivative of -119 - 7/3*f**3 - f**2 - f. Calculate h(-2).
-25
Let q(b) = 26*b + 57. Let c(v) = 22*v + 47. Let j(y) = -5*c(y) + 4*q(y). Calculate j(-2).
5
Let p(o) = o**3 + 3*o**2 - 2*o + 5. Let c be p(-4). Let d = 471 + -468. Let g(v) = -997 - 2*v**2 + v**d + 4*v + 996 + 6*v**2. Calculate g(c).
-4
Let v(b) be the second derivative of b**5/10 + b**4/12 - b**3/6 + 4*b - 8. Let d(l) = -5*l**3 + 7*l**2 - 10*l + 6. Let c(q) = -d(q) - 2*v(q). What is c(8)?
26
Suppose -673*a - 276 = -650*a. Let r(g) = 5*g**2 + 60*g + 4. Determine r(a).
4
Suppose 3*m + 30 = 3*u, -2*u - 3*m = m - 50. Let f be (-3)/(-5)*(19 - -1). Let n(b) = -f*b - u*b + 24*b. Give n(1).
-3
Let t(w) be the first derivative of -w**5/60 + 2*w**3/3 + 5*w**2/2 - w - 25. Let z(y) be the second derivative of t(y). Give z(5).
-21
Let j(b) be the third derivative of -2/15*b**5 - 19*b**2 + 0*b + 7/6*b**3 + 1/120*b**6 + 1/3*b**4 - 1. Determine j(7).
14
Let k(b) = b**2 - 15*b - 3. Let s(a) = 2*a**2 - 31*a - 7. Let q(l) = -9*k(l) + 4*s(l). Let f(n) = 50*n**2 + 3750*n + 12. Let g be f(-75). Determine q(g).
-13
Let u(t) = -t**3 + 4*t**2 + 7*t - 6. Let x be u(5). Let r(v) be the second derivative of -v**3 + 3*v**2 - 160*v + 3. Calculate r(x).
-18
Let x(j) = j**2 + 5*j + 1. Let t be -18 + 90/((-18)/(-3)). Give x(t).
-5
Suppose -2 = -4*x + 5*x. Let k be (x - -4) + (-4)/2. Let v(m) = 6*m + m**2 + k*m**2 - 17*m + 18*m + 9. What is v(-6)?
3
Let u(l) be the first derivative of 4/3*l**3 + 2*l - 3 + 2*l**2 - 1/4*l**4. Let w be u(5). Let d(s) = -2*s**3 - 5*s**2 - s + 3. Give d(w).
15
Let t be ((-2 - 0) + 9)/1. Suppose 417*h + 51 = 434*h. Let a(o) = -o**2 - 2 - 2*o - t*o + 4*o - h. Determine a(-4).
-1
Let u(z) = z - 2*z**2 - 3*z**2 - 1 + 4*z**2 - z**3. Suppose 0 = 68*j - 64*j - 3*b - 9, -15*b = -5*j. Determine u(j).
-34
Let v(j) = -16*j + 51. Let i be v(3). Let m(b) = -2*b + 2 - b**2 + 8*b + i*b**2 - 5*b. What is m(-1)?
3
Suppose -5*u + 1 = -4. Let q = 209 + -186. Let y(p) = -16 + 25 - q*p - 8. Determine y(u).
-22
Let t(i) = 7*i**3 + 10*i**2 + 4*i - 6. Let b(y) = -29*y**3 - 38*y**2 - 16*y + 24. Let p(o) = 4*b(o) + 15*t(o). What is p(1)?
-11
Let k(n) = n**3 + 11. Let u(g) = 2*g**2 + 28*g - 36. Let t(m) = 2*m**2 + 27*m - 38. Let x(f) = -2*t(f) + 3*u(f). Let c be x(-16). Calculate k(c).
11
Suppose -5 = 10*h - 5*h. Let a be ((-106)/2)/(h/1). Let z = -58 + a. Let x(m) = m**2 + 5*m + 2. Determine x(z).
2
Let x(t) be the first derivative of 143 - 8*t - 1/2*t**2. What is x(0)?
-8
Let b be (11/(-2))/((-12)/24). Let w(f) = -1 - 4*f - 6*f + b*f + f. Calculate w(-3).
-7
Let j(z) be the first derivative of z**4/4 - 8*z**3/3 - 5*z**2 + 2*z + 23. Let p be j(9). Let c(t) = -2*t - 10. Calculate c(p).
4
Let f = 30 + -33. Let x(n) = n + 8. Let i be x(f). Let c(w) = -2 + 2*w**3 + 5*w**2 - w**3 - 4*w + 0*w - i. What is c(-5)?
13
Let i(w) = -w**2 - 10*w - 5. Suppose 46*c = 48*c - 6. Suppose 7 = -x - c. What is i(x)?
-5
Let i(w) = 2*w + 15*w - 5*w + 7 + 2*w**2. Let n(d) = d**3 - 21*d**2 + 118*d - 187. Let o be n(13). What is i(o)?
-3
Let n(f) = -2*f**2 + 13*f + 9. Let k(x) = -6*x**2 + 6*x + 133. Let g be k(-4). What is n(g)?
-160
Let o(n) = 7*n**2 - n + 1. Suppose w = 5*y - 245 + 243, 0 = -2*w + 6. Give o(y).
7
Let s(m) be the second derivative of -m**4/12 + 11*m**3/6 - 3*m**2 - 488*m. Let k(v) = -v + 16. Let h be k(5). Calculate s(h).
-6
Let p(q) be the first derivative of -9*q**2/2 - 4*q + 535. Give p(3).
-31
Suppose 3*m - 6*m = 4*b + 43, -b = 3*m + 49. Let f(l) = -l**3 - 18*l**2 - 18*l - 14. Let w be f(m). Let u(h) = -6 + 25 + h - w*h - 13. What is u(6)?
-6
Let n(z) be the first derivative of -1/2*z**2 - 144 - 5*z. Give n(-3).
-2
Let l(d) be the third derivative of -1 + 48*d**2 + 5/24*d**4 + 0*d - 1/3*d**3 - 1/60*d**5. What is l(7)?
-16
Let d(w) = w**3 + 2*w**2 - 2. Let a be (0 - 1)*58/(-58)*-3. Determine d(a).
-11
Let s(x) be the first derivative of -x**3/6 - 7*x**2/2 - 6*x - 71. Let r(i) be the first derivative of s(i). Determine r(-6).
-1
Let v(w) = 10*w + 0*w - 45*w + 21*w - 10 + 13*w. Suppose 32 = -2*k - 2*k. What is v(k)?
-2
Suppose c + 29 = 3*j, 77*j + 4*c = 78*j - 17. Let l(w) = w**3 - 8*w**2 - 4*w - 53. Determine l(j).
-8
Suppose 3*j + 3 = 3*t, 7*t - 9*t = -4*j + 4. Let o(r) = -104*r - 109*r - 2 + 216*r + 3*r**3 - t*r**3. Give o(-3).
16
Let l(v) be the first derivative of v**3/3 - 21*v**2/2 + 55*v + 238. Give l(16).
-25
Let u(k) = 1406 + 23*k + 9*k - 1433 + 3*k. Determine u(1).
8
Let i(v) = -2*v**3 + 7*v**2 - 3*v - 4. Let x be 7 - (19 + -8) - (9 + -17). What is i(x)?
-32
Let o(s) = s**2 - 12*s + 34. Let d be o(4). Let x(k) = 2*k**3 + 2*k**d - k - k**2 - 3*k**3 - 2*k**3 + 2. What is x(2)?
-20
Let h(y) = 25*y - 1942*y**2 - 26 + 961*y**2 + 970*y**2 + 6. Determine h(1).
-6
Let g(n) = n**3 - 6*n**2 - 5*n - 6. Let c = -189 - -194. Let b(y) = y + 1. Let v(j) = c*b(j) + g(j). Calculate v(6).
-1
Let x(n) be the first derivative of n**5/20 - n**4/12 - n**3/6 - 7*n**2/2 - 77*n + 73. Let d(g) be the first derivative of x(g). Let y = 3 - 3. Calculate d(y).
-7
Suppose 3*c - 156 = c - 2*x, -206 = -3*c + 4*x. Let s = c - 51. Suppose -18 + s = m. Let j(y) = -y**3 + 6*y**2 - 5*y + 3. Give j(m).
3
Suppose -n + y = -17 + 3, n - 5*y = 30. Suppose -7*v - 12 = -n*v. Suppose 5*i - 18 = -v*k, 2*k = i + i. Let u(f) = f**3 - 4*f**2 + 4*f - 3. Determine u(k).
-3
Suppose -13*q - 97 = -344. Suppose 21 = -q*d - 17. Let t(w) = -2*w + 2*w - 3*w**2 - w. Give t(d).
-10
Let l(q) be the second derivative of -3*q**5/4 - q**4/3 - q**3/3 + q**2 + 1982*q. Calculate l(-2).
110
Let t(d) = 6*d + 10*d - 17*d - 2 + 3. Let y(c) = 6*c - 6. Let p(u) = 6*t(u) + 2*y(u). Give p(5).
24
Let h(x) be the second derivative of x**4/12 - 5*x**3/3 + 5*x**2/2 + 2*x + 1462. Suppose v = -38 + 46. Calculate h(v).
-11
Let v(a) = 13*a + 1. Suppose -14*s - 245 + 945 = 0. Let i be -49 - ((0 - 1) + 1). Let z = s + i. Give v(z).
14
Let i(t) = 78 + 24*t - t**3 - 54*t - 8 - 33*t**2. Give i(-32).
6
Let y(r) = -2*r**3 - r**2 + 6*r + 7. Suppose 0 = -2*k - 2*j + 4, -31*k - 2 = -30*k + 3*j. What is y(k)?
-113
Let f be 0 + (0 - -2) + 5/20*-4. Let q(o) = 51*o**2 - 2*o + 2. Give q(f).
51
Let d(x) = x**3 + 20*x**2 + 51*x - 8. Let s(h) = 2*h**3 + 146*h**2 + h + 56. Let g be s(-73). Determine d(g).
-8
Let s(r) = 1097264*r - 1097255*r + 1 + 8. Calculate s(4).
45
Suppose 4*b + 18 = 7*b. Let a(f) = b + 4*f**2 - f**3 - 2*f + 9 - 10. Let w = 4 + 0. Calculate a(w).
-3
Let p(w) be the third derivative of w**6/120 + 11*w**5/60 + 2*w**4/3 + 23*w**3/6 - 300*w**2 + 2*w. Determine p(-10).
-37
Let q(r) = -r**3 + 44*r**2 + 52*r - 315. Let l be q(45). Let g(j) be the first derivative of j**2/2 + 2*j + 1. Give g(l).
2
Suppose 2*s = -3*v - 171 + 37, 0 = v + 2*s + 42. Let m = -52 - v. Let n(r) = r**2 + 8*r + 7. Give n(m).
-5
Let q(s) = s**2 + 16*s + 5. Let b be q(-16). Let j(l) = 18*l**3 - 33*l**3 - b*l**2 + 16*l**3 - 1 - 6*l. Determine j(6).
-1
Let f(n) = 6*n + 4. Let t(i) = 5*i**3 - i - 1. Let b be t(2). Suppose -33*j - 16 = -b*j. Calculate f(j).
28
Let a(z) = -11 + 5*z**3 - 3*z + 3 - 6*z**3 - 2*z - 4*z**2 + 6. Let i(y) = -y**2 + 5*y +